 of v(-5)?
4
Let y(q) = -15635*q - 2433. What is the hundreds digit of y(-2)?
8
Let h = 17288 + -12191. What is the hundreds digit of h?
0
Let d(b) = -108*b + 200. Suppose -7*r + 9*r + 2*x = -16, -4*x - 2 = -r. What is the units digit of d(r)?
8
Let k(f) = f + 13. Let t be k(-11). Suppose 4*s = -4*i + 2120, -2*s + t = -0*s. What is the hundreds digit of i?
5
Suppose 0 = -16*c + 6519 + 2041. What is the units digit of c?
5
Let l(n) = -n**3 - 28*n**2 - 2*n + 2164. What is the tens digit of l(0)?
6
Suppose 6*f + 2*c = f + 12, f = -2*c + 4. Let x be ((-8 - 1) + f)/((-2)/40). Suppose -55*v + 59*v = x. What is the tens digit of v?
3
Let x = -101 + 118. Let q(a) = -x - 24*a + 76*a**2 + 73*a**2 - 150*a**2 - 3. What is the units digit of q(-11)?
3
Let x(c) = 31*c + 138*c - 43*c + 198*c - 346. What is the hundreds digit of x(6)?
5
Let t(f) be the second derivative of -349*f**5/10 + 2*f**3/3 + 5*f**2/2 + 129*f. What is the tens digit of t(-1)?
9
Let w(b) = 17*b - 95. Let l be w(9). Let t(i) = -i**3 + 12*i**2 + 5*i + 34. Let d be t(10). Let c = d - l. What is the tens digit of c?
2
Suppose 4*z - 6630 = 2*o, 0*o = 5*z + 4*o - 8320. Suppose z = -5*t + 9*t + 4*c, t - 435 = 4*c. What is the hundreds digit of t?
4
Let r be 6 + -641 + 0 - 3. Let l = r - -1057. What is the units digit of l?
9
Let d = -5334 - -12417. Suppose 2197 = 29*t - d. What is the tens digit of t?
2
Let r = 240 + 6355. What is the tens digit of r?
9
Suppose 4*x - 14 = 3*i, x = -2*i - 3*i + 15. Suppose -8*o - 62 = i. What is the units digit of (7/4)/(o/(-32))?
7
Suppose -13*d + 87 + 65 = 22. Let t(b) be the third derivative of -b**6/120 + 11*b**5/60 - b**4/12 + 11*b**3/6 + b**2. What is the tens digit of t(d)?
9
Suppose 22*t - 12*t = 50. Suppose -4*s - t*k = -1348, k - 3*k = -4*s + 1348. What is the units digit of s?
7
Let y be (-29 + 30)/(0 + (-2)/(-38)). Suppose -y = h - 24. Suppose -h*d + 6*d - 203 = 0. What is the units digit of d?
3
Let z(b) = b**3 + 7*b**2 - 3*b + 7. Let u be z(-5). What is the units digit of (-4251)/(-6) + u/48?
0
What is the hundreds digit of 3997 + 4/32*56?
0
Suppose -5*q = -6*l + 2*l + 261, 4*q + 57 = l. Let b = -66 + l. Suppose -c = -3*t - 135, -3 = b*t - 2*t. What is the hundreds digit of c?
1
Let j = -92 - -91. Let n(g) = -57*g - 2. Let c be n(j). Suppose -5*b = -580 + c. What is the tens digit of b?
0
Let o(a) = 4*a**2 - 41*a + 23. Let i be o(10). Let b = i - -19. What is the units digit of b?
2
Suppose p - 3 - 41 = 0. What is the tens digit of (-4)/(p/33)*526/(-6)?
6
Let n(q) = 136*q**2 + 2*q - 9. Let h be n(-5). Suppose 0 = 18*c - 3477 - h. What is the units digit of c?
1
Suppose -5*w - 13 = -108. Suppose 2*t - 23 = -4*f + 7*t, 5*t + w = 2*f. Suppose -149 + 377 = f*x. What is the tens digit of x?
1
Suppose -7*r + 1456650 = 100*r - 42*r. What is the units digit of r?
0
Let b be 16/(-4) - (-4 + 18). Suppose 0 = s + 5*g - 54, -5*g = -s + 26 - 2. Let w = b + s. What is the units digit of w?
1
Let z(p) = 2738*p - 92. What is the thousands digit of z(4)?
0
Let u(a) = -2303*a + 101. What is the tens digit of u(-3)?
1
Let a(r) = 651*r**3 - r**2 + 4*r - 4. Suppose 3*i + 2*u - 7 = 0, u = -2*i + 2*u. Let d be a(i). Suppose d + 18 = 4*x. What is the units digit of x?
7
Let j(h) = 6967*h + 9132. What is the ten thousands digit of j(9)?
7
Let w be ((-6)/15)/(26/(-195)). What is the tens digit of (w - 276)/(5/(-5))?
7
Let u(r) = r**3 - 13*r**2 + 37*r - 8. Let p(w) = w**3 - 31*w**2 + w - 36. Let k be p(31). Let a be -9*-4*k/(-15). What is the tens digit of u(a)?
9
Let q be (196/(-6) + 1)*(-10 - 2). Suppose 997 = 3*i - q. Suppose 10*x - i = x. What is the units digit of x?
1
Let y(g) = g. Let n(o) = o**2 + 13*o + 39. Let z be n(-9). Let u(t) = 19*t - 1. Let i(a) = z*y(a) + u(a). What is the tens digit of i(6)?
3
Let c(g) = 141*g**2 + 33*g + 371. What is the units digit of c(-9)?
5
Suppose -25*m = -63*m + 287546. What is the tens digit of m?
6
Let v = -1669 + 4268. What is the hundreds digit of v?
5
Let a(w) = -4*w**2 - 2*w + 33. Let v(d) = -4*d**2 - d + 32. Let x(f) = 4*a(f) - 5*v(f). What is the units digit of x(6)?
8
Suppose 0 = 3*o - 5*k - 15178, 8760 = 2*o - k - 1354. What is the hundreds digit of o?
0
Let r be ((-18)/4)/(3/(-4)). Let c(y) be the third derivative of 5*y**4/6 + 15*y**3/2 - y**2 - 19*y. What is the hundreds digit of c(r)?
1
Let k = 1121 - -2366. What is the units digit of k?
7
Let t = 858 - 1644. Let d = t + 228. What is the tens digit of d/(-7) + 4/14?
8
Suppose 0 = 388*b - 361*b - 244890. What is the thousands digit of b?
9
Suppose k = 5*q - 40, k + 3*k = 20. Let z be (-6)/q + (-537)/(-9). What is the units digit of 4/((-16)/12) - (-2 - z)?
8
Suppose -14*c = 1490 + 2584. Let a = 662 + c. Let d = -218 + a. What is the units digit of d?
3
What is the thousands digit of (-3 + -7626)/(108/(-16) + 6)?
0
Suppose 5*g = -3*l - 10, -2*g + 108*l = 106*l - 12. Let y(a) = 140*a**3 + 91*a**3 + a - 1 - a**2 - 52*a**3. What is the tens digit of y(g)?
7
Suppose -10*x - 334751 = -43*x - 38114. What is the thousands digit of x?
8
Let a be 1 - (-2 + -561) - (2 - 3). Let s be 3/12 - (a/20 - 3). Let y = 166 + s. What is the units digit of y?
1
Suppose 9*k + 12 = 13*k, 0 = -3*p + k + 2034. Suppose 11*b = 18*b - p. What is the units digit of b?
7
Suppose -2*y + 2*u + 2986 = 0, 4*u = -5*y + 9747 - 2345. What is the hundreds digit of y?
4
What is the hundreds digit of (-40550)/(-6) - (-13)/(-39)?
7
Suppose 2*o + 8082 = s, 26*o = 5*s + 23*o - 40403. What is the hundreds digit of s?
0
Suppose 0 = 3*o + 2*l - 14879, 0 = 5*o - 5*l - 13657 - 11183. What is the units digit of o?
3
Suppose -1248*r = -1247*r - 927. Suppose -44*l = -45*l + r. What is the tens digit of l?
2
Let x(f) = -5*f**3 - 2*f**3 + 2*f + 13*f**3 + 0*f**3 - 12 - 5 + 69*f**2. What is the units digit of x(-11)?
4
Suppose -4*d = 4*b - 5236, 5*b = d - 0*d + 6527. Let k be b/10 - 40/(-100). Suppose 4*v - k = a, 0 = 5*v - 0*a + 4*a - 190. What is the tens digit of v?
3
Let p = -251 + 724. What is the hundreds digit of 6*(-6)/(-12) + p?
4
Suppose 0 = -5*v - 2*c + 93206, -3*v + 2*c + 52549 = -3365. What is the units digit of v?
0
Suppose -42*d - 50363 + 261623 = 0. What is the thousands digit of d?
5
Suppose -4*j = 73 - 49, 3*s - 189975 = -j. What is the units digit of s?
7
Let j = -50 - -53. Suppose -k - j + 6 = 0. Suppose k*s + 0*g - 85 = 5*g, 3*s - 65 = -5*g. What is the units digit of s?
5
Let i(z) = 318*z**3 + 2*z - 2. Suppose -2*d + b = -5, d + 12*b = 13*b + 4. What is the hundreds digit of i(d)?
3
Let a = -76 + 66. Let l = -8 - a. Suppose 5*z - 204 = -l*g, -5*g - 4*z = -3*g - 202. What is the tens digit of g?
9
Let m(g) = -g**2 - 4*g + 28. Let y be m(-7). Let z = 3 + 0. Suppose -y*b + 420 = -z*b. What is the tens digit of b?
0
Let f(b) = 3*b**2 - 9*b + 8. Let z be f(2). Let r(m) = 3*m + 7*m**z + 19 - 11*m**2 + 6*m**2. What is the hundreds digit of r(-8)?
1
Suppose 4*p - 2*u = -6, p - 3*u + 17 - 13 = 0. What is the tens digit of (p - 5/((-75)/(-1015)))*-6?
1
Let m be -2 - 9/4*(-12)/(-9). Let c be (-13)/m + 14/35. Suppose 0 = -5*y - o + 113, c*y - 4*o = 6 + 48. What is the units digit of y?
2
Let t(v) = -v**2 + 9*v + 11. Let i be t(9). Let l(d) = 10*d - 1. Let h(g) = 2. Let y(b) = 2*h(b) + l(b). What is the hundreds digit of y(i)?
1
Suppose 20*m + 3868 = 14068. Let k = -184 + m. What is the hundreds digit of k?
3
What is the thousands digit of 12/(-126) + (-32060096)/(-714)?
4
Suppose -973 = 4*o - 125. Let n = o - -614. What is the hundreds digit of n?
4
Let j(z) be the third derivative of 1589*z**5/60 - 11*z**4/12 - z**3/6 - 268*z**2. What is the thousands digit of j(-1)?
1
Let n(b) = -b + 7. Let w be n(7). Let r be 3/(-12)*2*w. Suppose -17*t + 21*t - 296 = r. What is the tens digit of t?
7
Let o = 132 + 7089. What is the thousands digit of o?
7
Suppose -4*s + b + 212 = 0, -2*s = 2*b + 42 - 148. Let u = 57 - s. Suppose 6*n - u*n - 230 = 0. What is the tens digit of n?
1
Let a(p) = 201*p**2 + 6*p + 4. Let n(d) = d**2 + 30*d + 58. Let g be n(-28). What is the tens digit of a(g)?
2
Let n = -20219 + 42666. What is the hundreds digit of n?
4
Suppose 5*k = -3*k - 5728. Let x = -154 - k. What is the tens digit of x?
6
What is the thousands digit of 57/(-285) - (-18872)/10?
1
Let c be (-34 - -5)*(-271)/1. Suppose 2*n = -o +